-37 - -46) - 30
-21
(-8 + 3 + 6 - -10) + -5
6
Calculate -7 + (-13 - ((-6 - (-1 - -5)) + 3)).
-13
Calculate 5 + 6 + (-20 - 0) - -32.
23
(17 - 14) + (1 - (-3 + -2 - -5))
4
Evaluate -362 + 332 + (1 - -60).
31
(-29 - -28 - (2 - 1)) + 1 + 16
15
What is the value of -11 - (-2 + 0) - (-39 - -33)?
-3
Calculate 12 - (-2 + (7 - -1)).
6
Calculate -5 + 7 - 18 - -2 - -6.
-8
Evaluate -3 - (2 + 5 + 8 + -2).
-16
Evaluate -3 - (1 + -3 - 1 - 6).
6
What is the value of -19 + (9 - -7) - 6?
-9
Calculate 2 + (-13 - ((2 - 5) + -6)).
-2
Evaluate -27 - (-32 - 21 - -33).
-7
Calculate 2 - (12 + -5 - 8) - (1 - 1).
3
Calculate (4 - 26) + 12 + -9 + -5.
-24
What is -33 + (2 - 23 - -29)?
-25
What is the value of -36 - (16 - (17 - -26)) - (0 + 0)?
-9
What is 1 - (2 - 1) - (2948 + -2979)?
31
Calculate 9 - 37 - -17 - (-1 + (0 - -1)).
-11
What is the value of (5 - (9 - 4) - -1) + -16?
-15
Evaluate (-296 - -294) + (0 - -7).
5
What is -358 + 365 + 1 + 3?
11
What is (-9 - 20) + 38 + 4?
13
Evaluate -19 - (-11 + -1 + -4).
-3
211 - 245 - (-6 - -3 - 8)
-23
Calculate 98 - 35 - 38 - -15.
40
Evaluate (-3 - 10 - -21) + 4 + 0 + 6.
18
-291 + 288 + 0 + 2 + 22 + -1
20
What is the value of -12 + 22 + -16 + 12 + 0?
6
What is the value of 235 + -243 - (-3 - (3 + 20) - 1)?
19
6 - 1 - (7 - (-14 + 7 + 15))
6
What is -19 + -5 + 21 + -11?
-14
Evaluate 0 + 4 + 5 + (3 - 2).
10
What is -7 - ((5 - -11) + -27)?
4
Evaluate -49 + 53 - (3 + (-3 - -2) + -5).
7
Evaluate 1 + 5 + -11 + (-27 - -48).
16
-5 - (-3 + -6 + -10) - 30
-16
Evaluate -32 + -16 + 33 + 18.
3
What is the value of 15 - (8 + 5 + 3)?
-1
Calculate 9 + 1 + (2 - -18) + (-1 - 5).
24
Calculate 18 - ((-7 - -4 - 15) + 60).
-24
Calculate 6 + (11 + -21 - -2).
-2
What is the value of (-4 - -2) + (-33 - (39 + -73))?
-1
What is 6 - (33 - ((4 - 1) + 3))?
-21
Calculate (-139 - -163) + (-12 - -4 - 0).
16
What is the value of 8 - (4 - (-4 + -3))?
-3
What is (17 - -11) + -5 - 3?
20
(5 - -10) + 11 + -18
8
1 + 7 - (-32 + 41) - 0
-1
(6 - -15) + 10 + -41
-10
Calculate 0 + -3 - 8 - (-23 + 9).
3
Evaluate 11 + (-27 + 10 - -12).
6
What is -29 + (11 - -2 - -6)?
-10
What is -3 + (19 + -9 - 11) + 11?
7
6 + -21 + (3 + 9 - 5 - -1)
-7
Calculate 21 + 0 + 13 + -20.
14
What is 2 + (1 + 14 - (25 + -16)) - 1?
7
What is -12 - (-13 - -5 - -8)?
-12
Calculate 20 - (-9 + 4 + 0 - -14).
11
What is the value of -1 + (-6 - 0) + (-19 + 9 - 8)?
-25
Calculate 14 + (14 - 4 - (5 + -3)) + -3.
19
7 - (1 + 28 - (67 + -58))
-13
35 + -33 - (2 - 8 - -1)
7
What is the value of (-2 - 21) + 5 - -26?
8
Calculate 25 + (1 - (-6 + 22)).
10
Evaluate 7 + 0 - (-1 + 21).
-13
Calculate 93 + -66 + -28 + (0 - (5 - -1)).
-7
Calculate -2 + -16 - (-371 + 372).
-19
Evaluate -6 + (-11 - (-6 + 3)) - -20.
6
(9 - 7) + ((4 - 5) + -2 - -1)
0
What is 539 - 546 - (1 - 1 - (0 - -1))?
-6
Evaluate 23 + (25 - 18) + -17.
13
Evaluate -5 - (-23 - (-19 + 3)).
2
Calculate -27 + 4 - (-8 - -17 - 7).
-25
(1 - 2) + -8 + -1 + 5
-5
What is 2 - (-8 - (-32 - -23))?
1
What is the value of -23 + 1 + 337 + -318?
-3
Evaluate (-26 - -7 - 4) + 54 + -40.
-9
What is the value of 1 + (4 + -7 - -6) - 11 - -12?
5
Evaluate 4 + (8 - (-9 - -20) - -3).
4
Evaluate (40 + -34 - (0 + 2)) + -5.
-1
What is the value of -3 + 19 + (3 - (-4 - -5))?
18
What is the value of (-2 - -3 - (-118 - -132)) + -17?
-30
Calculate 2 + (9 - 30) + 39.
20
(-32 - (0 - 21)) + -8
-19
Evaluate 17 + (-3 - 17) - (-6 + (3 - 3)).
3
Evaluate 34 - 18 - -22 - 28.
10
Evaluate 0 + -24 + (-12 - (-10 + -1) - 3).
-28
7 - (-3 + 12 + (4 - 15) - -9)
0
What is the value of 3 - (-10 + -2 + 10)?
5
What is 4 - 6 - 1 - 5 - (-3 - 2)?
-3
What is the value of -9 + (25 - (-30 - -36))?
10
Calculate (-13 - 0) + 30 + -53 + 23.
-13
What is the value of (-3 - (12 + -5 - 6) - -12) + -8?
0
Evaluate 5 - 1 - (6 + 0 + -1).
-1
Calculate -2 + (10 - -3) + (15 - 21).
5
What is -235 - -229 - (-10 + -1 + 3)?
2
What is -17 + (-1 - -9) - (0 + 9)?
-18
5 - 40 - (-34 - -16)
-17
What is the value of 7 + 0 + (10 - -1) + -9?
9
What is -4 + 1 + (8 + -7 - -7) - 6?
-1
Evaluate 3 + (4 + -17 - -12) + -1.
1
Evaluate (-15 - -16) + -16 + 1 + (14 - 13).
-13
Calculate 3 - (-10 - -18) - 8.
-13
What is the value of 23 + -26 + 23 + -1?
19
What is 40 + 7 + 15 - 15 - 17?
30
Calculate -1 - -10 - (10 + (-37 - -37)).
-1
What is the value of 1 + (-9 - (-17 - (-2 - 2)))?
5
-47 + (94 - 35) + -29
-17
17 + -8 + 10 + -2 + -9
8
What is the value of 5 + 9 + (-7 - (-10 + 10))?
7
Evaluate 0 + -11 + (12 + -5 - 7).
-11
What is the value of 17 - ((89 - 97) + (19 - -1))?
5
What is the value of 30 + (10 - 29) + 4?
15
What is -10 - (-12 + 7 + -14)?
9
Evaluate -9 + 1 + 973 + -983.
-18
What is the value of 1 + (-11 + 0 - (-36 + 34))?
-8
What is (-27 - -12 - -23) + -21?
-13
Calculate -8 - (-9 + 3 + (3 - 4)) - -26.
25
Calculate -4 - (-13 - -3) - 4 - (110 + -104).
-4
10 - (10 + 22 + -30)
8
What is the value of -6 + 0 + (-4 - 8) + 14?
-4
7 + 22 + -25 + (-3 - -8)
9
Calculate (-1 - -5) + 22 + -22.
4
Calculate (-1 - 1 - 1) + (-251 - -250) + 3.
-1
Calculate -5 - (-5 + -20 - -16).
4
Calculate -4 + (-3 - -5) + 9 - 4.
3
Calculate -25 + (-7 - (2 + (2 - -2) + -21)).
-17
What is the value of -9 + -11 - -3 - -12?
-5
Evaluate -1 - 0 - (45 - (118 - 65)).
7
What is the value of 22 - (31 - -5 - 9)?
-5
Calculate 27 + (98 - 109 - ((-1 - 1) + -6)).
24
Evaluate (1 - 9) + 7 + (-2 - 1).
-4
Calculate -4 - -2 - (86 - 93) - -17.
22
What is the value of -12 + (15 - 18) + 19?
4
Calculate (20 - 7) + -19 + -7 + 2.
-11
Evaluate -24 + 9 - (-2 + 7 - 2).
-18
Calculate (1 + -1 - 0) + -1056 + 1063.
7
Calculate -9 + (3 + -3 - -4) + 17.
12
What is (3 - (10 + -6)) + 20 + -23?
-4
-72 + 51 + 47 + -15
11
0 - -1 - (-7 - (4 + 3 - 9))
6
Calculate (11 - ((-2 - -8) + 4)) + (-10 - -1).
-8
What is the value of -18 - ((17 - 29) + -8)?
2
Calculate -15 - (6 + (-2 - (-3 + 2 + 5))).
-15
-4 - -13 - ((-15 - (-2 + -6)) + 39)
-23
Calculate 27 - (-11 - (9 + -54)).
-7
What is 0 + 0 + 0 - (50 + (-55 - -3))?
2
What is 1 + -1 + (-14 + -16 - -51) - 8?
13
Evaluate -9 + 1 + 16 + 29 + -38.
-1
-7 - ((0 - -1) + -180 + 176)
-4
What is the value of -8 - (-9 + 4 - (15 + -4))?
8
Calculate (-4 - ((13 - (-6 - -10)) + -21)) + 9.
17
Evaluate 3 + (-5 - 6 - (-16 + 3)).
5
Evaluate (-2 + -2 - (-4 + -3 + -5)) + 1.
9
Calculate 0 - 4 - (-4 + 8) - 0.
-8
Evaluate -10 - -6 - 7 - -17.
6
Calculate -13 + 2 + 45 + -70 + 49.
13
What is (-2 + (-6 - -5) - 4) + (6 - 2)?
-3
Calculate (-11 - -5) + 4 - (-18 - 0).
16
What is 4 + (2 - 11) + (5 - 2 - 8)?
-10
What is the value of (119 - 171) + (0 - -28)?
-24
What is 9 + -14 - -2 - (2 + 15)?
-20
(-13 + 7 - -7) + (7 - -2)
10
(2 - (0 - (1 + 11))) + -42
-28
What is (22 - -2 - -8) + 3 + -13?
22
Calculate -42 + (38 + 0 - -2).
-2
Calculate 1 + 6 - 10 - 1 - (1 - -3).
-8
Evaluate 9 - -1 - (242 + -224).
-8
Calculate (21 - 24) + 8 + -31.
-26
Calculate 14 + (15 - 29) + (4 - (2 + 2)).
0
What is (-11 - 6) + 7 + 5?
-5
What is the value of -35 + 16 + 18 + -5 + 0 + -4?
-10
What is the value of 5 + (22 + -8 - -9) + 10?
38
Evaluate 1 + 6 - (-5 - -8) - (-107 - -115).
-4
Evaluate (6 + 48 - 49) + 19 + -2.
22
Calculate 69 - 52 - (1 - 5 - (11 - 22)).
10
Evaluate -4 + (8 - (-11 + 9)) - (0 + -7).
13
Calculate (-405 - -403) + (0 - 26).
-28
What is the value of (110 - 107) + (-20 - 0)?
-17
Evaluate 0 + -21 + -7 + 7 + -12 + 11.
-22
(-20 - -33) + (-3 - 22)
-12
-3 + -2 + 17 + -2
10
What is the value of (0 - 10) + (38 - (64 - 24))?
-12
(-15 - 15) + 18 - -31
19
9 + -2 + (-1 - 0) + -25
-19
What is (-13 - -1) + -14 + (-19 - -36)?
-9
Calculate (6 - 7) + -5 + 0 + (-2 - -2).
-6
Evaluate -2 - (33 + 14 - 24).
-25
What is -14 - (-2 - (37 + -41))?
-16
Calculate 1 + 16 + (-25 - -14 - 0).
6
What is the value of (-10 - ((1 - 3) + 26)) + 11 + 0?
-23
What is 2 - 19 - (-106 + 32 + 37)?
20
Evaluate -4 - (7 + -24 + 11) - -9.
11
What is the value of -40 + -2 - (-849 + 831)?
-24
What is the value of 3 + (9 + -3 - -5) - 0?
14
What is 31 - (-60 + 119) - (-2 + 1 + 0)?
-27
Evaluate 1 + (-22 + 26 - (7 + 1)) + -17.
-20
Calculate 0 - (5 + 1) - (-25 + (0 - -15)).
4
What is the value of 8 + -26 + 13 + -1?
-6
What is the value of (-537 - -536) + -1 + 14?
12
(2 - -1) + (1 + 8 - (24 - 5))
-7
Calculate 10 - 2 - (60 + -63).
11
1 - (-9 + 0) - (-132 + (-86 - -201))
27
Calculate 14 + (20 - 38) - 5.
-9
Calculate 29 + -37 + (-1 - -13).
4
-4 - (-3 - (-10 - -11))
0
Evaluate (-6 - 0) + (-